{"id":139,"date":"2024-05-15T14:47:49","date_gmt":"2024-05-15T14:47:49","guid":{"rendered":"https:\/\/ordendergeusen.de\/?page_id=139"},"modified":"2025-01-03T10:47:15","modified_gmt":"2025-01-03T10:47:15","slug":"preise","status":"publish","type":"page","link":"https:\/\/www.ordendergeusen.de\/?page_id=139","title":{"rendered":"Preise"},"content":{"rendered":"\n<pre class=\"wp-block-preformatted\">Preise Trutz:<br><strong>\u00dcbernachtung pro Nacht\/Person<\/strong><br><br>8,50 \u20ac<br><br><strong>Wohnmobile pro Nacht (inkl. Strom)<\/strong><br><br>10,00 \u20ac<br><br><strong>Trutzmaut bei Veranstaltungen<\/strong><br><br>2,00 \u20ac<br><br><strong>Saal bei Tagesveranstaltungen<\/strong><br><br>150,00 \u20ac<br><br><strong>Kaminholz WE-Pauschale<\/strong><br><br>15,00\u20ac<br><br><strong>Geschirrbruch pro Teil<\/strong><br><br>5,00 \u20ac<br><br><strong>Endreinigungspauschale<\/strong><br><br>100,00 \u20ac<br><br><br><br>\u00dcbernachtung mit Schlafsack und Isomatte. Das Haus verf\u00fcgt \u00fcber keine Betten.<\/pre>\n\n\n\n<p><\/p>\n","protected":false},"excerpt":{"rendered":"<p>Preise Trutz:\u00dcbernachtung pro Nacht\/Person8,50 \u20acWohnmobile pro Nacht (inkl. Strom)10,00 \u20acTrutzmaut bei Veranstaltungen2,00 \u20acSaal bei Tagesveranstaltungen150,00 \u20acKaminholz WE-Pauschale15,00\u20acGeschirrbruch pro Teil5,00 \u20acEndreinigungspauschale100,00<\/p>\n<p><a href=\"https:\/\/www.ordendergeusen.de\/?page_id=139\" class=\"more-link\">Continue reading<span class=\"screen-reader-text\">Preise<\/span><\/a><\/p>\n","protected":false},"author":1,"featured_media":0,"parent":0,"menu_order":0,"comment_status":"closed","ping_status":"closed","template":"","meta":{"pgc_sgb_lightbox_settings":"","footnotes":""},"class_list":["post-139","page","type-page","status-publish","hentry"],"jetpack_sharing_enabled":true,"_links":{"self":[{"href":"https:\/\/www.ordendergeusen.de\/index.php?rest_route=\/wp\/v2\/pages\/139","targetHints":{"allow":["GET"]}}],"collection":[{"href":"https:\/\/www.ordendergeusen.de\/index.php?rest_route=\/wp\/v2\/pages"}],"about":[{"href":"https:\/\/www.ordendergeusen.de\/index.php?rest_route=\/wp\/v2\/types\/page"}],"author":[{"embeddable":true,"href":"https:\/\/www.ordendergeusen.de\/index.php?rest_route=\/wp\/v2\/users\/1"}],"replies":[{"embeddable":true,"href":"https:\/\/www.ordendergeusen.de\/index.php?rest_route=%2Fwp%2Fv2%2Fcomments&post=139"}],"version-history":[{"count":3,"href":"https:\/\/www.ordendergeusen.de\/index.php?rest_route=\/wp\/v2\/pages\/139\/revisions"}],"predecessor-version":[{"id":365,"href":"https:\/\/www.ordendergeusen.de\/index.php?rest_route=\/wp\/v2\/pages\/139\/revisions\/365"}],"wp:attachment":[{"href":"https:\/\/www.ordendergeusen.de\/index.php?rest_route=%2Fwp%2Fv2%2Fmedia&parent=139"}],"curies":[{"name":"wp","href":"https:\/\/api.w.org\/{rel}","templated":true}]}}